
-40003044
In base 12, what is 7 - -303913?
30391a
In base 7, what is -10 - 5106?
-5116
In base 10, what is 7538591 - 0?
7538591
In base 14, what is 1a52 - 503?
154d
In base 6, what is 1434 + -2?
1432
In base 9, what is 0 + 7471?
7471
In base 9, what is -20153 - 4?
-20157
In base 7, what is 63640 - 16?
63621
In base 2, what is 10010 + 100101100111101010?
100101100111111100
In base 10, what is -20 + 3811?
3791
In base 12, what is 2b3436 - 4?
2b3432
In base 5, what is -13 - 10010024?
-10010042
In base 4, what is 0 + 3233301211?
3233301211
In base 11, what is -2 + -11034?
-11036
In base 10, what is -2307 + -82?
-2389
In base 4, what is 20 - -112213?
112233
In base 8, what is -6 - -11711?
11703
In base 16, what is 2 - -b9a?
b9c
In base 12, what is -1 - 35a73?
-35a74
In base 3, what is -12 + -10000121121?
-10000121210
In base 12, what is 332 + 18?
34a
In base 16, what is cb - e3?
-18
In base 6, what is -522 + 11204?
10242
In base 14, what is -65688 - 0?
-65688
In base 3, what is 2010 - -2210112?
2212122
In base 12, what is 57 - -7b?
116
In base 8, what is 5 - 1137434?
-1137427
In base 2, what is -10001 - 1011010110001010?
-1011010110011011
In base 7, what is 106324 - 3?
106321
In base 8, what is 0 + -2776?
-2776
In base 2, what is 1111000100011000 + -100?
1111000100010100
In base 10, what is 30458 + 13?
30471
In base 15, what is -4 - 10792?
-10796
In base 16, what is 28be8 - 0?
28be8
In base 9, what is -3857 + 34?
-3823
In base 2, what is 100101110101101 - -1011110?
100110000001011
In base 14, what is 49 + 611?
65a
In base 2, what is 111 + 100011001101?
100011010100
In base 16, what is -91c - a0?
-9bc
In base 2, what is -11 - -1100100000010101?
1100100000010010
In base 12, what is -146b5 - 10?
-14705
In base 15, what is -3a1 + 44?
-35c
In base 13, what is 17 + 46a1?
46b8
In base 6, what is -1522 + -102335?
-104301
In base 8, what is 1016 - 66?
730
In base 14, what is -496 - -1c?
-478
In base 13, what is -36 - -238a?
2354
In base 12, what is -76 + b3b?
a85
In base 16, what is 3a - 87?
-4d
In base 6, what is 142533455 - -2?
142533501
In base 15, what is 659 - -1b?
675
In base 14, what is -1c7a - 32?
-1cac
In base 5, what is -33 + -1404423?
-1410011
In base 15, what is 1 - -2930?
2931
In base 8, what is -1 - -20512?
20511
In base 5, what is -12203 + -20111?
-32314
In base 10, what is 0 + 28860?
28860
In base 3, what is 1121002 - 1210?
1112022
In base 9, what is 45 - -3364?
3420
In base 7, what is -100004 - 12?
-100016
In base 14, what is -237 + -10c5?
-131c
In base 10, what is -553 + -28?
-581
In base 10, what is 3115 - 7?
3108
In base 4, what is -1122300 - 3?
-1122303
In base 5, what is 2111411 + -1?
2111410
In base 15, what is 7933 + 27?
795a
In base 4, what is -10 + -2103200?
-2103210
In base 11, what is 322 + 6?
328
In base 14, what is -2d328b + 3?
-2d3288
In base 9, what is 2 - 21586?
-21584
In base 12, what is -999b - 0?
-999b
In base 10, what is 0 - -204176?
204176
In base 11, what is -12 + -17093?
-170a5
In base 7, what is -146516 + 5?
-146511
In base 12, what is 4 + -3102a?
-31026
In base 11, what is -2a406 - -a?
-2a3a7
In base 3, what is 11121 + -10221211?
-10210020
In base 4, what is -10 + 2003132?
2003122
In base 10, what is -13 - 1003?
-1016
In base 16, what is -131830 + -4?
-131834
In base 7, what is -361363 + 3?
-361360
In base 5, what is 3121202 + 3?
3121210
In base 15, what is 391b9 - -2?
391bb
In base 3, what is 10 - 110021111211?
-110021111201
In base 8, what is -115 + 1430?
1313
In base 3, what is 10202101020121 - -10?
10202101020201
In base 4, what is 323020201 + 1?
323020202
In base 7, what is 21442122 - 1?
21442121
In base 11, what is 419 - 249?
180
In base 16, what is 1 - d30?
-d2f
In base 16, what is -3 - 6645e?
-66461
In base 9, what is -104443 - -2?
-104441
In base 6, what is -1 - 24430?
-24431
In base 3, what is 2100001 + -10022?
2012202
In base 6, what is 2 + 554153?
554155
In base 2, what is 10010011001001010 - -110?
10010011001010000
In base 11, what is -202580 + 5?
-202576
In base 10, what is 314023 - 11?
314012
In base 4, what is 2212213301 + 3?
2212213310
In base 10, what is -523 + -1224?
-1747
In base 11, what is -50626 - -2?
-50624
In base 9, what is -4 + 508085?
508081
In base 13, what is 12 - -1929?
193b
In base 3, what is -10021120201 + 2?
-10021120122
In base 9, what is 11122 - -34?
11156
In base 7, what is 6406 - 35?
6341
In base 11, what is -5 + -3142?
-3147
In base 10, what is -15 - -1206?
1191
In base 15, what is -10e091 - -5?
-10e08b
In base 13, what is -5 - 4a791?
-4a796
In base 6, what is -5 - -250403?
250354
In base 11, what is -6 - -6820?
6815
In base 5, what is 2223 - -313?
3041
In base 9, what is -2 - -23838?
23836
In base 15, what is 5 + 472?
477
In base 6, what is -3233530 + 4?
-3233522
In base 3, what is 102 - 21210102121?
-21210102012
In base 8, what is -26726 + -2?
-26730
In base 6, what is -112 + 21443?
21331
In base 5, what is 1000 + 213002?
214002
In base 16, what is -218 + e4?
-134
In base 12, what is 60b6 + 2?
60b8
In base 13, what is 4276 + -5?
4271
In base 13, what is -4 - -1639?
1635
In base 16, what is a08 + 41?
a49
In base 12, what is -5 - 1975?
-197a
In base 16, what is -5 + 205?
200
In base 13, what is 8 - 12310?
-12305
In base 14, what is 25d - -19?
278
In base 9, what is 5477 + -1?
5476
In base 5, what is 31 + 10041?
10122
In base 5, what is 1212443 - -3?
1213001
In base 9, what is -1 - 353530?
-353531
In base 6, what is -34 - -2140?
2102
In base 9, what is 2 - -2706263?
2706265
In base 8, what is -242 + 224?
-16
In base 2, what is 0 + 101000101101011?
101000101101011
In base 7, what is -5 - 11221?
-11226
In base 7, what is 400 - 562?
-162
In base 11, what is 577 + -617?
-50
In base 11, what is -69 + -1038?
-10a6
In base 11, what is -20 - 2842?
-2862
In base 3, what is -1121011120 + -2110?
-1121021000
In base 2, what is -100100 + 1001001101101?
1001001001001
In base 5, what is -41031 + -124?
-41210
In base 2, what is -1100000 - -11000100?
1100100
In base 4, what is 10 + 2031210?
2031220
In base 2, what is -110111001 - 11000011?
-1001111100
In base 5, what is -4 - 20111?
-20120
In base 13, what is 11 - 54a4?
-5493
In base 9, what is 52118 + 11?
52130
In base 10, what is -32322 - 0?
-32322
In base 14, what is aa8cb + 2?
aa8cd
In base 6, what is -3 - -2104023?
2104020
In base 16, what is a - -616?
620
In base 15, what is -c - 66dd?
-66ea
In base 15, what is 0 - -5cdd?
5cdd
In base 7, what is -52255 - 323?
-52611
In base 15, what is 26e3 - c?
26d6
In base 16, what is -152e8 + 3?
-152e5
In base 9, what is 2 + -31688?
-31686
In base 4, what is 123000 + 12?
123012
In base 11, what is 5 + -7a131?
-7a127
In base 2, what is 1010101100011101000 - -10?
1010101100011101010
In base 5, what is 31132302 + 22?
31132324
In base 13, what is -1c8ac - -c?
-1c8a0
In base 12, what is -7a1 + -aa?
-88b
In base 7, what is -1032 - 16?
-1051
In base 11, what is -431 + -94?
-515
In base 3, what is -2 + 1010212222?
1010212220
In base 4, what is 2320313 - -21?
2321000
In base 13, what is -14494 - -17?
-1447a
In base 9, what is 8817 + -34?
8773
In base 6, what is -1013443 - 112?
-1013555
In base 6, what is -25 - -153342?
153313
In base 16, what is -581b - 2?
-581d
In base 8, what is 452 + -22623?
-22151
In base 9, what is 2 + -156837?
-156835
In base 13, what is 39b6 - -17?
3a00
In base 4, what is -11113323 - 3?
-11113332
In base 15, what is -3 + 3e590?
3e58c
In base 3, what is -1 - 1011220021?
-1011220022
In base 13, what is 6216 + 6?
621c
In base 5, what is 4320 + 1441?
11311
In base 3, what is 110200 + 1121?
112021
In base 6, what is -111000103 - 5?
-111000112
In base 5, what is -23114404 + -1?
-23114410
In base 6, what is 32232 - 23?
32205
In base 3, what is -2122021202 - 10?
-2122021212
In base 12, what is 34 - -62b?
663
In base 9, what is -68846 + -2?
-68848
In base 16, what is -2 - 2aa99?
-2aa9b
In base 6, what is 2441303 - -5?
2441312
In base 15, what is 7 + 3a?
42
In base 10, what is -124728 - 3?
-124731
In base 6, what is 45014 + 22?
45040
In base 11, what is 89 - -266?
344
In base 2, what is -1001101 + -10100?
-1100001
In base 11, what is -43 + 1075?
1032
In base 15, what is 272ad1 + -5?
272acb
In base 7, what is 0 + 252016?
252016
In base 8, what is -42 + -1104?
-1146
In base 7, what is 606116 + 1